{"id":932,"date":"2026-01-14T16:49:04","date_gmt":"2026-01-14T15:49:04","guid":{"rendered":"https:\/\/ecolebeaulieu-lamballe.fr\/?page_id=932"},"modified":"2026-01-14T16:49:04","modified_gmt":"2026-01-14T15:49:04","slug":"mentions-legales","status":"publish","type":"page","link":"https:\/\/ecolebeaulieu-lamballe.fr\/?page_id=932","title":{"rendered":"Mentions l\u00e9gales"},"content":{"rendered":"<style>.kb-row-layout-id932_049c9c-f3 > .kt-row-column-wrap{align-content:start;}:where(.kb-row-layout-id932_049c9c-f3 > .kt-row-column-wrap) > .wp-block-kadence-column{justify-content:start;}.kb-row-layout-id932_049c9c-f3 > .kt-row-column-wrap{column-gap:var(--global-kb-gap-md, 2rem);row-gap:var(--global-kb-gap-md, 2rem);padding-top:var(--global-kb-spacing-sm, 1.5rem);padding-bottom:var(--global-kb-spacing-sm, 1.5rem);grid-template-columns:minmax(0, 1fr);}.kb-row-layout-id932_049c9c-f3 > .kt-row-layout-overlay{opacity:0.30;}@media all and (max-width: 1024px){.kb-row-layout-id932_049c9c-f3 > .kt-row-column-wrap{grid-template-columns:minmax(0, 1fr);}}@media all and (max-width: 767px){.kb-row-layout-id932_049c9c-f3 > .kt-row-column-wrap{grid-template-columns:minmax(0, 1fr);}}<\/style><div class=\"kb-row-layout-wrap kb-row-layout-id932_049c9c-f3 alignnone wp-block-kadence-rowlayout\"><div class=\"kt-row-column-wrap kt-has-1-columns kt-row-layout-equal kt-tab-layout-inherit kt-mobile-layout-row kt-row-valign-top\">\n<style>.kadence-column932_3f85a4-8a > .kt-inside-inner-col,.kadence-column932_3f85a4-8a > .kt-inside-inner-col:before{border-top-left-radius:0px;border-top-right-radius:0px;border-bottom-right-radius:0px;border-bottom-left-radius:0px;}.kadence-column932_3f85a4-8a > .kt-inside-inner-col{column-gap:var(--global-kb-gap-sm, 1rem);}.kadence-column932_3f85a4-8a > .kt-inside-inner-col{flex-direction:column;}.kadence-column932_3f85a4-8a > .kt-inside-inner-col > .aligncenter{width:100%;}.kadence-column932_3f85a4-8a > .kt-inside-inner-col:before{opacity:0.3;}.kadence-column932_3f85a4-8a{position:relative;}@media all and (max-width: 1024px){.kadence-column932_3f85a4-8a > .kt-inside-inner-col{flex-direction:column;justify-content:center;}}@media all and (max-width: 767px){.kadence-column932_3f85a4-8a > .kt-inside-inner-col{flex-direction:column;justify-content:center;}}<\/style>\n<div class=\"wp-block-kadence-column kadence-column932_3f85a4-8a\"><div class=\"kt-inside-inner-col\">\n<p class=\"has-theme-palette-4-color has-text-color has-link-color wp-elements-02f74db866e94a6541e13f2cf731bf75\"><strong>\u00c9diteur du site<\/strong>\u00a0: <br>Nom \/ Raison sociale :\u00a0\u00c9cole Beaulieu\u00a0 <br>Adresse :\u00a035 Rue Aristide Briand 22400 Lamballe-Armor<br>T\u00e9l\u00e9phone :\u00a00296312929<br>Email :\u00a0<a href=\"mailto:ecole.0220900j@ac-rennes.fr\">ecole.0220900j@ac-rennes.fr<\/a>\u00a0 <br>Directeur de la publication :\u00a0Domer Julien<\/p>\n\n\n\n<p class=\"has-theme-palette-4-color has-text-color has-link-color wp-elements-9034080cbc9e263e824ac3e413e63106\"><br><strong>H\u00e9bergement<\/strong>\u00a0 Le site est h\u00e9berg\u00e9 par :\u00a0IONOS\u00a0 <br>Adresse :\u00a0REGUS PONT DE NEUILLY 191 AVENUE CHARLES DE GAULLE 92200 NEUILLY-SUR-SEINE <br>T\u00e9l\u00e9phone :\u00a0<a href=\"tel: 0970808911\">0970 808 911<\/a><\/p>\n\n\n\n<p><br><strong>Propri\u00e9t\u00e9 intellectuelle<\/strong>\u00a0 L\u2019ensemble des contenus pr\u00e9sents sur ce site (textes, images, graphismes, logos, vid\u00e9os\u2026) sont prot\u00e9g\u00e9s par le droit d\u2019auteur. Toute reproduction, repr\u00e9sentation ou diffusion sans autorisation est interdite.<\/p>\n\n\n\n<p class=\"has-theme-palette-4-color has-text-color has-link-color wp-elements-7f4a792340e7d2b4564c10716fbdfe63\"><br><strong>Protection des donn\u00e9es personnelles<\/strong>\u00a0 Les informations collect\u00e9es via le site sont destin\u00e9es exclusivement \u00e0\u00a0l&rsquo;\u00e9cole Beaulieu\u00a0et ne sont en aucun cas transmises \u00e0 des tiers. Conform\u00e9ment au RGPD, vous disposez d\u2019un droit d\u2019acc\u00e8s, de rectification, d\u2019opposition et de suppression de vos donn\u00e9es. Pour exercer ces droits :\u00a0<a href=\"mailto:ecole.0220900j@ac-rennes.fr\">ecole.0220900j@ac-rennes.fr<\/a>.<\/p>\n\n\n\n<p><br><strong>Cookies<\/strong>\u00a0 Le site peut utiliser des cookies afin d\u2019am\u00e9liorer l\u2019exp\u00e9rience utilisateur et mesurer l\u2019audience. Vous pouvez g\u00e9rer vos pr\u00e9f\u00e9rences via le bandeau de consentement.<\/p>\n\n\n\n<p><br><strong>Responsabilit\u00e9<\/strong>\u00a0 L\u2019\u00e9diteur ne saurait \u00eatre tenu responsable des erreurs, omissions ou indisponibilit\u00e9s du site. L\u2019utilisateur reconna\u00eet utiliser le site sous sa seule responsabilit\u00e9.<\/p>\n<\/div><\/div>\n\n<\/div><\/div>","protected":false},"excerpt":{"rendered":"<p>\u00c9diteur du site\u00a0: Nom \/ Raison sociale :\u00a0\u00c9cole Beaulieu\u00a0 Adresse :\u00a035 Rue Aristide Briand 22400 Lamballe-ArmorT\u00e9l\u00e9phone :\u00a00296312929Email :\u00a0ecole.0220900j@ac-rennes.fr\u00a0 Directeur de la publication :\u00a0Domer Julien H\u00e9bergement\u00a0 Le site est h\u00e9berg\u00e9 par&#8230;<\/p>\n","protected":false},"author":1,"featured_media":0,"parent":0,"menu_order":0,"comment_status":"closed","ping_status":"closed","template":"","meta":{"_kad_post_transparent":"","_kad_post_title":"","_kad_post_layout":"","_kad_post_sidebar_id":"","_kad_post_content_style":"","_kad_post_vertical_padding":"","_kad_post_feature":"","_kad_post_feature_position":"","_kad_post_header":false,"_kad_post_footer":false,"_kad_post_classname":"","footnotes":""},"class_list":["post-932","page","type-page","status-publish","hentry"],"jetpack_sharing_enabled":true,"_links":{"self":[{"href":"https:\/\/ecolebeaulieu-lamballe.fr\/index.php?rest_route=\/wp\/v2\/pages\/932","targetHints":{"allow":["GET"]}}],"collection":[{"href":"https:\/\/ecolebeaulieu-lamballe.fr\/index.php?rest_route=\/wp\/v2\/pages"}],"about":[{"href":"https:\/\/ecolebeaulieu-lamballe.fr\/index.php?rest_route=\/wp\/v2\/types\/page"}],"author":[{"embeddable":true,"href":"https:\/\/ecolebeaulieu-lamballe.fr\/index.php?rest_route=\/wp\/v2\/users\/1"}],"replies":[{"embeddable":true,"href":"https:\/\/ecolebeaulieu-lamballe.fr\/index.php?rest_route=%2Fwp%2Fv2%2Fcomments&post=932"}],"version-history":[{"count":1,"href":"https:\/\/ecolebeaulieu-lamballe.fr\/index.php?rest_route=\/wp\/v2\/pages\/932\/revisions"}],"predecessor-version":[{"id":933,"href":"https:\/\/ecolebeaulieu-lamballe.fr\/index.php?rest_route=\/wp\/v2\/pages\/932\/revisions\/933"}],"wp:attachment":[{"href":"https:\/\/ecolebeaulieu-lamballe.fr\/index.php?rest_route=%2Fwp%2Fv2%2Fmedia&parent=932"}],"curies":[{"name":"wp","href":"https:\/\/api.w.org\/{rel}","templated":true}]}}