{"id":32,"date":"2024-08-09T16:04:05","date_gmt":"2024-08-09T14:04:05","guid":{"rendered":"http:\/\/desktop-mjssln\/beaulieu\/?page_id=32"},"modified":"2025-06-25T10:32:36","modified_gmt":"2025-06-25T08:32:36","slug":"ape","status":"publish","type":"page","link":"https:\/\/ecolebeaulieu-lamballe.fr\/?page_id=32","title":{"rendered":"APE"},"content":{"rendered":"<style>.kb-row-layout-id32_4b801d-c1 > .kt-row-column-wrap{align-content:start;}:where(.kb-row-layout-id32_4b801d-c1 > .kt-row-column-wrap) > .wp-block-kadence-column{justify-content:start;}.kb-row-layout-id32_4b801d-c1 > .kt-row-column-wrap{column-gap:var(--global-kb-gap-md, 2rem);row-gap:var(--global-kb-gap-md, 2rem);padding-top:var(--global-kb-spacing-sm, 1.5rem);padding-bottom:var(--global-kb-spacing-sm, 1.5rem);grid-template-columns:minmax(0, 1fr);}.kb-row-layout-id32_4b801d-c1 > .kt-row-layout-overlay{opacity:0.30;}@media all and (max-width: 1024px){.kb-row-layout-id32_4b801d-c1 > .kt-row-column-wrap{grid-template-columns:minmax(0, 1fr);}}@media all and (max-width: 767px){.kb-row-layout-id32_4b801d-c1 > .kt-row-column-wrap{grid-template-columns:minmax(0, 1fr);}}<\/style><div class=\"kb-row-layout-wrap kb-row-layout-id32_4b801d-c1 alignnone wp-block-kadence-rowlayout\"><div class=\"kt-row-column-wrap kt-has-1-columns kt-row-layout-equal kt-tab-layout-inherit kt-mobile-layout-row kt-row-valign-top\">\n<style>.kadence-column32_0ba48b-01 > .kt-inside-inner-col,.kadence-column32_0ba48b-01 > .kt-inside-inner-col:before{border-top-left-radius:0px;border-top-right-radius:0px;border-bottom-right-radius:0px;border-bottom-left-radius:0px;}.kadence-column32_0ba48b-01 > .kt-inside-inner-col{column-gap:var(--global-kb-gap-sm, 1rem);}.kadence-column32_0ba48b-01 > .kt-inside-inner-col{flex-direction:column;}.kadence-column32_0ba48b-01 > .kt-inside-inner-col > .aligncenter{width:100%;}.kadence-column32_0ba48b-01 > .kt-inside-inner-col:before{opacity:0.3;}.kadence-column32_0ba48b-01{position:relative;}@media all and (max-width: 1024px){.kadence-column32_0ba48b-01 > .kt-inside-inner-col{flex-direction:column;justify-content:center;}}@media all and (max-width: 767px){.kadence-column32_0ba48b-01 > .kt-inside-inner-col{flex-direction:column;justify-content:center;}}<\/style>\n<div class=\"wp-block-kadence-column kadence-column32_0ba48b-01\"><div class=\"kt-inside-inner-col\"><style>.wp-block-kadence-advancedheading.kt-adv-heading32_41217d-40, .wp-block-kadence-advancedheading.kt-adv-heading32_41217d-40[data-kb-block=\"kb-adv-heading32_41217d-40\"]{text-align:center;font-style:normal;}.wp-block-kadence-advancedheading.kt-adv-heading32_41217d-40 mark.kt-highlight, .wp-block-kadence-advancedheading.kt-adv-heading32_41217d-40[data-kb-block=\"kb-adv-heading32_41217d-40\"] mark.kt-highlight{font-style:normal;color:#f76a0c;-webkit-box-decoration-break:clone;box-decoration-break:clone;padding-top:0px;padding-right:0px;padding-bottom:0px;padding-left:0px;}.wp-block-kadence-advancedheading.kt-adv-heading32_41217d-40 img.kb-inline-image, .wp-block-kadence-advancedheading.kt-adv-heading32_41217d-40[data-kb-block=\"kb-adv-heading32_41217d-40\"] img.kb-inline-image{width:150px;vertical-align:baseline;}<\/style>\n<h2 class=\"kt-adv-heading32_41217d-40 wp-block-kadence-advancedheading\" data-kb-block=\"kb-adv-heading32_41217d-40\">Bienvenue \u00e0 l&rsquo;Association des Parents d&rsquo;\u00c9l\u00e8ves de Beaulieu ! <\/h2>\n<\/div><\/div>\n\n<\/div><\/div>\n\n<style>.kb-row-layout-id32_4d9fc3-52 > .kt-row-column-wrap{align-content:start;}:where(.kb-row-layout-id32_4d9fc3-52 > .kt-row-column-wrap) > .wp-block-kadence-column{justify-content:start;}.kb-row-layout-id32_4d9fc3-52 > .kt-row-column-wrap{column-gap:var(--global-kb-gap-md, 2rem);row-gap:var(--global-kb-gap-md, 2rem);padding-top:var(--global-kb-spacing-sm, 1.5rem);padding-bottom:var(--global-kb-spacing-sm, 1.5rem);grid-template-columns:minmax(0, 1fr) minmax(0, 2fr);}.kb-row-layout-id32_4d9fc3-52 > .kt-row-layout-overlay{opacity:0.30;}@media all and (max-width: 1024px){.kb-row-layout-id32_4d9fc3-52 > .kt-row-column-wrap{grid-template-columns:minmax(0, 1fr) minmax(0, 2fr);}}@media all and (max-width: 767px){.kb-row-layout-id32_4d9fc3-52 > .kt-row-column-wrap{grid-template-columns:minmax(0, 1fr);}}<\/style><div class=\"kb-row-layout-wrap kb-row-layout-id32_4d9fc3-52 alignnone wp-block-kadence-rowlayout\"><div class=\"kt-row-column-wrap kt-has-2-columns kt-row-layout-right-golden kt-tab-layout-inherit kt-mobile-layout-row kt-row-valign-top\">\n<style>.kadence-column32_9533ee-f2 > .kt-inside-inner-col,.kadence-column32_9533ee-f2 > .kt-inside-inner-col:before{border-top-left-radius:0px;border-top-right-radius:0px;border-bottom-right-radius:0px;border-bottom-left-radius:0px;}.kadence-column32_9533ee-f2 > .kt-inside-inner-col{column-gap:var(--global-kb-gap-sm, 1rem);}.kadence-column32_9533ee-f2 > .kt-inside-inner-col{flex-direction:column;}.kadence-column32_9533ee-f2 > .kt-inside-inner-col > .aligncenter{width:100%;}.kadence-column32_9533ee-f2 > .kt-inside-inner-col:before{opacity:0.3;}.kadence-column32_9533ee-f2{position:relative;}@media all and (max-width: 1024px){.kadence-column32_9533ee-f2 > .kt-inside-inner-col{flex-direction:column;justify-content:center;}}@media all and (max-width: 767px){.kadence-column32_9533ee-f2 > .kt-inside-inner-col{flex-direction:column;justify-content:center;}}<\/style>\n<div class=\"wp-block-kadence-column kadence-column32_9533ee-f2\"><div class=\"kt-inside-inner-col\"><style>.kb-image32_df8ebe-df .kb-image-has-overlay:after{opacity:0.3;}<\/style>\n<div class=\"wp-block-kadence-image kb-image32_df8ebe-df\"><figure class=\"aligncenter size-large\"><img loading=\"lazy\" decoding=\"async\" width=\"1024\" height=\"1024\" src=\"https:\/\/ecolebeaulieu-lamballe.fr\/wp-content\/uploads\/2025\/02\/APE-BEAULIEU-1024x1024.jpg\" alt=\"\" class=\"kb-img wp-image-339\" srcset=\"https:\/\/ecolebeaulieu-lamballe.fr\/wp-content\/uploads\/2025\/02\/APE-BEAULIEU-1024x1024.jpg 1024w, https:\/\/ecolebeaulieu-lamballe.fr\/wp-content\/uploads\/2025\/02\/APE-BEAULIEU-300x300.jpg 300w, https:\/\/ecolebeaulieu-lamballe.fr\/wp-content\/uploads\/2025\/02\/APE-BEAULIEU-150x150.jpg 150w, https:\/\/ecolebeaulieu-lamballe.fr\/wp-content\/uploads\/2025\/02\/APE-BEAULIEU-768x768.jpg 768w, https:\/\/ecolebeaulieu-lamballe.fr\/wp-content\/uploads\/2025\/02\/APE-BEAULIEU-1536x1536.jpg 1536w, https:\/\/ecolebeaulieu-lamballe.fr\/wp-content\/uploads\/2025\/02\/APE-BEAULIEU-2048x2048.jpg 2048w\" sizes=\"auto, (max-width: 1024px) 100vw, 1024px\" \/><\/figure><\/div>\n<\/div><\/div>\n\n\n<style>.kadence-column32_72a3a0-3b > .kt-inside-inner-col,.kadence-column32_72a3a0-3b > .kt-inside-inner-col:before{border-top-left-radius:0px;border-top-right-radius:0px;border-bottom-right-radius:0px;border-bottom-left-radius:0px;}.kadence-column32_72a3a0-3b > .kt-inside-inner-col{column-gap:var(--global-kb-gap-sm, 1rem);}.kadence-column32_72a3a0-3b > .kt-inside-inner-col{flex-direction:column;}.kadence-column32_72a3a0-3b > .kt-inside-inner-col > .aligncenter{width:100%;}.kadence-column32_72a3a0-3b > .kt-inside-inner-col:before{opacity:0.3;}.kadence-column32_72a3a0-3b{position:relative;}@media all and (max-width: 1024px){.kadence-column32_72a3a0-3b > .kt-inside-inner-col{flex-direction:column;justify-content:center;}}@media all and (max-width: 767px){.kadence-column32_72a3a0-3b > .kt-inside-inner-col{flex-direction:column;justify-content:center;}}<\/style>\n<div class=\"wp-block-kadence-column kadence-column32_72a3a0-3b\"><div class=\"kt-inside-inner-col\">\n<p>Nous sommes une joyeuse bande de parents motiv\u00e9s, cr\u00e9atifs et (un peu) bavards, pr\u00eats \u00e0 tout pour am\u00e9liorer la vie scolaire de nos enfants.&nbsp;\ud83c\udf92\ud83c\udfa8<br><br>Notre mission ?<br>&#8211; Organiser des \u00e9v\u00e9nements qui font briller les yeux des petits et des grands.&nbsp;\ud83c\udf89<br>&#8211; Mettre en place des ventes (pizzas, g\u00e2teaux, etc.) pour r\u00e9colter des fonds destin\u00e9s aux projets scolaires.<br>&#8211; Soutenir et financer les projets de l&rsquo;\u00e9cole avec enthousiasme et bienveillance.&nbsp;\ud83d\ude4c<br>&#8211; Passer de bons moments ensemble, parce que la convivialit\u00e9, c&rsquo;est notre force !&nbsp;\ud83c\udf6a\u2615\ufe0f<br><br>Mais surtout, il nous manque\u2026 VOUS ! Que vous ayez des id\u00e9es originales, du temps pour donner un coup de main, ou simplement l&rsquo;envie de partager un caf\u00e9, votre \u00e9nergie sera pr\u00e9cieuse.&nbsp;\ud83e\udd1d<br><br>Alors, pr\u00eat(e) \u00e0 nous rejoindre ? Ecrivez-nous&nbsp;\u00e0&nbsp;<a href=\"mailto:ape.beaulieu22@gmail.com\" target=\"_blank\" rel=\"noreferrer noopener\">ape.beaulieu22@gmail.com<\/a><br><br>Bonne ambiance garantie, avec une pinc\u00e9e d&rsquo;humour et beaucoup de sourires.&nbsp;\ud83d\ude04<\/p>\n<\/div><\/div>\n\n<\/div><\/div>\n\n\n<div class=\"wp-block-jetpack-slideshow aligncenter\" data-effect=\"slide\"><div class=\"wp-block-jetpack-slideshow_container swiper-container\"><ul class=\"wp-block-jetpack-slideshow_swiper-wrapper swiper-wrapper\"><li class=\"wp-block-jetpack-slideshow_slide swiper-slide\"><figure><img loading=\"lazy\" decoding=\"async\" width=\"1920\" height=\"2560\" alt=\"\" class=\"wp-block-jetpack-slideshow_image wp-image-802\" data-id=\"802\" src=\"https:\/\/ecolebeaulieu-lamballe.fr\/wp-content\/uploads\/2025\/06\/IMG_3513-scaled.jpeg\" srcset=\"https:\/\/ecolebeaulieu-lamballe.fr\/wp-content\/uploads\/2025\/06\/IMG_3513-scaled.jpeg 1920w, https:\/\/ecolebeaulieu-lamballe.fr\/wp-content\/uploads\/2025\/06\/IMG_3513-225x300.jpeg 225w, https:\/\/ecolebeaulieu-lamballe.fr\/wp-content\/uploads\/2025\/06\/IMG_3513-768x1024.jpeg 768w, https:\/\/ecolebeaulieu-lamballe.fr\/wp-content\/uploads\/2025\/06\/IMG_3513-1152x1536.jpeg 1152w, https:\/\/ecolebeaulieu-lamballe.fr\/wp-content\/uploads\/2025\/06\/IMG_3513-1536x2048.jpeg 1536w\" sizes=\"(max-width: 1920px) 100vw, 1920px\" \/><\/figure><\/li><li class=\"wp-block-jetpack-slideshow_slide swiper-slide\"><figure><img loading=\"lazy\" decoding=\"async\" width=\"2560\" height=\"1920\" alt=\"\" class=\"wp-block-jetpack-slideshow_image wp-image-799\" data-id=\"799\" src=\"https:\/\/ecolebeaulieu-lamballe.fr\/wp-content\/uploads\/2025\/06\/IMG_3516-scaled.jpeg\" srcset=\"https:\/\/ecolebeaulieu-lamballe.fr\/wp-content\/uploads\/2025\/06\/IMG_3516-scaled.jpeg 2560w, https:\/\/ecolebeaulieu-lamballe.fr\/wp-content\/uploads\/2025\/06\/IMG_3516-300x225.jpeg 300w, https:\/\/ecolebeaulieu-lamballe.fr\/wp-content\/uploads\/2025\/06\/IMG_3516-1024x768.jpeg 1024w, https:\/\/ecolebeaulieu-lamballe.fr\/wp-content\/uploads\/2025\/06\/IMG_3516-768x576.jpeg 768w, https:\/\/ecolebeaulieu-lamballe.fr\/wp-content\/uploads\/2025\/06\/IMG_3516-1536x1152.jpeg 1536w, https:\/\/ecolebeaulieu-lamballe.fr\/wp-content\/uploads\/2025\/06\/IMG_3516-2048x1536.jpeg 2048w\" sizes=\"(max-width: 2560px) 100vw, 2560px\" \/><\/figure><\/li><li class=\"wp-block-jetpack-slideshow_slide swiper-slide\"><figure><img loading=\"lazy\" decoding=\"async\" width=\"2560\" height=\"1920\" alt=\"\" class=\"wp-block-jetpack-slideshow_image wp-image-800\" data-id=\"800\" src=\"https:\/\/ecolebeaulieu-lamballe.fr\/wp-content\/uploads\/2025\/06\/IMG_3515-scaled.jpeg\" srcset=\"https:\/\/ecolebeaulieu-lamballe.fr\/wp-content\/uploads\/2025\/06\/IMG_3515-scaled.jpeg 2560w, https:\/\/ecolebeaulieu-lamballe.fr\/wp-content\/uploads\/2025\/06\/IMG_3515-300x225.jpeg 300w, https:\/\/ecolebeaulieu-lamballe.fr\/wp-content\/uploads\/2025\/06\/IMG_3515-1024x768.jpeg 1024w, https:\/\/ecolebeaulieu-lamballe.fr\/wp-content\/uploads\/2025\/06\/IMG_3515-768x576.jpeg 768w, https:\/\/ecolebeaulieu-lamballe.fr\/wp-content\/uploads\/2025\/06\/IMG_3515-1536x1152.jpeg 1536w, https:\/\/ecolebeaulieu-lamballe.fr\/wp-content\/uploads\/2025\/06\/IMG_3515-2048x1536.jpeg 2048w\" sizes=\"(max-width: 2560px) 100vw, 2560px\" \/><\/figure><\/li><li class=\"wp-block-jetpack-slideshow_slide swiper-slide\"><figure><img loading=\"lazy\" decoding=\"async\" width=\"2560\" height=\"1920\" alt=\"\" class=\"wp-block-jetpack-slideshow_image wp-image-801\" data-id=\"801\" src=\"https:\/\/ecolebeaulieu-lamballe.fr\/wp-content\/uploads\/2025\/06\/IMG_3514-scaled.jpeg\" srcset=\"https:\/\/ecolebeaulieu-lamballe.fr\/wp-content\/uploads\/2025\/06\/IMG_3514-scaled.jpeg 2560w, https:\/\/ecolebeaulieu-lamballe.fr\/wp-content\/uploads\/2025\/06\/IMG_3514-300x225.jpeg 300w, https:\/\/ecolebeaulieu-lamballe.fr\/wp-content\/uploads\/2025\/06\/IMG_3514-1024x768.jpeg 1024w, https:\/\/ecolebeaulieu-lamballe.fr\/wp-content\/uploads\/2025\/06\/IMG_3514-768x576.jpeg 768w, https:\/\/ecolebeaulieu-lamballe.fr\/wp-content\/uploads\/2025\/06\/IMG_3514-1536x1152.jpeg 1536w, https:\/\/ecolebeaulieu-lamballe.fr\/wp-content\/uploads\/2025\/06\/IMG_3514-2048x1536.jpeg 2048w\" sizes=\"(max-width: 2560px) 100vw, 2560px\" \/><\/figure><\/li><\/ul><a class=\"wp-block-jetpack-slideshow_button-prev swiper-button-prev swiper-button-white\" role=\"button\"><\/a><a class=\"wp-block-jetpack-slideshow_button-next swiper-button-next swiper-button-white\" role=\"button\"><\/a><a aria-label=\"Pause Slideshow\" class=\"wp-block-jetpack-slideshow_button-pause\" role=\"button\"><\/a><div class=\"wp-block-jetpack-slideshow_pagination swiper-pagination swiper-pagination-white\"><\/div><\/div><\/div>\n","protected":false},"excerpt":{"rendered":"<p>Bienvenue \u00e0 l&rsquo;Association des Parents d&rsquo;\u00c9l\u00e8ves de Beaulieu ! Nous sommes une joyeuse bande de parents motiv\u00e9s, cr\u00e9atifs et (un peu) bavards, pr\u00eats \u00e0 tout pour am\u00e9liorer la vie scolaire&#8230;<\/p>\n","protected":false},"author":1,"featured_media":0,"parent":0,"menu_order":0,"comment_status":"closed","ping_status":"closed","template":"","meta":{"_kad_post_transparent":"disable","_kad_post_title":"hide","_kad_post_layout":"","_kad_post_sidebar_id":"","_kad_post_content_style":"","_kad_post_vertical_padding":"","_kad_post_feature":"","_kad_post_feature_position":"","_kad_post_header":false,"_kad_post_footer":false,"_kad_post_classname":"","footnotes":""},"class_list":["post-32","page","type-page","status-publish","hentry"],"jetpack_sharing_enabled":true,"_links":{"self":[{"href":"https:\/\/ecolebeaulieu-lamballe.fr\/index.php?rest_route=\/wp\/v2\/pages\/32","targetHints":{"allow":["GET"]}}],"collection":[{"href":"https:\/\/ecolebeaulieu-lamballe.fr\/index.php?rest_route=\/wp\/v2\/pages"}],"about":[{"href":"https:\/\/ecolebeaulieu-lamballe.fr\/index.php?rest_route=\/wp\/v2\/types\/page"}],"author":[{"embeddable":true,"href":"https:\/\/ecolebeaulieu-lamballe.fr\/index.php?rest_route=\/wp\/v2\/users\/1"}],"replies":[{"embeddable":true,"href":"https:\/\/ecolebeaulieu-lamballe.fr\/index.php?rest_route=%2Fwp%2Fv2%2Fcomments&post=32"}],"version-history":[{"count":4,"href":"https:\/\/ecolebeaulieu-lamballe.fr\/index.php?rest_route=\/wp\/v2\/pages\/32\/revisions"}],"predecessor-version":[{"id":805,"href":"https:\/\/ecolebeaulieu-lamballe.fr\/index.php?rest_route=\/wp\/v2\/pages\/32\/revisions\/805"}],"wp:attachment":[{"href":"https:\/\/ecolebeaulieu-lamballe.fr\/index.php?rest_route=%2Fwp%2Fv2%2Fmedia&parent=32"}],"curies":[{"name":"wp","href":"https:\/\/api.w.org\/{rel}","templated":true}]}}